r?
False
Let m be (-2)/6 - 1640/(-24). Suppose 3*n - 5*n + m = 0. Is n composite?
True
Let o = 2 - -13. Let y = o + -12. Suppose 5*k + y*h = 180, 2*k - 26 = 4*h + 20. Is k a composite number?
True
Let p = -5 - -8. Suppose 2*z = -3*m - p*z, 3*z = 3*m. Suppose m = -2*f + 61 + 25. Is f a composite number?
False
Let r = -36342 - -98155. Is r prime?
True
Let v = -14495 + 33390. Is v prime?
False
Suppose 53 = 10*u - 27. Is (-6)/(-4) + 3580/u - 0 a composite number?
False
Let c = 1071 + 70. Suppose -5*q + c = 2*o, -4*q = 11*o - 8*o - 1715. Is o a composite number?
True
Let i be 245/(1/(-1 + -1 - -3)). Suppose 6*s + s - i = 0. Is s prime?
False
Suppose 24*w = 62755 + 270869. Is w a composite number?
False
Let a(x) be the second derivative of 35*x**3/6 + 21*x**2/2 + 2*x. Let s be (-9 - (-3 - 8))/(2/10). Is a(s) prime?
False
Let k(r) be the third derivative of -r**6/120 + r**4/6 + 191*r**3/6 + 20*r**2. Is k(0) composite?
False
Suppose 0 = -5*v + 2*s + 67675, 16*s - 17*s = -3*v + 40606. Is v a composite number?
False
Suppose 90*a = 83*a + 12733. Is a a composite number?
True
Let u be 1 + 3 + -8 + 4. Suppose -22*m + 27*m - 1855 = u. Is m prime?
False
Let o = 545 - 78. Let g be 0/6 + 293*5. Suppose -3*d + i = -g, -d = -3*i - 32 - o. Is d prime?
True
Let w = 112 + -65. Suppose -w*o + 42*o = -2335. Is o a composite number?
False
Let r = 55 - 55. Suppose p = -5*w + 702, 3*p - 6*w + 2*w - 2011 = r. Is p composite?
False
Suppose -13*t - 2*t = 4605. Suppose -z = -2*g - 980, 3313 = 3*z + 3*g + 382. Let o = z - t. Is o a composite number?
True
Suppose -5*a + 7 = 27, -r = a - 3634. Suppose -2*w + r = 5*f, -3*w = w - 2*f - 7276. Is w composite?
True
Let d = -788 + 1892. Let p = d - 490. Is p a composite number?
True
Let b(a) = a**3 - 2*a**2 + 9*a + 13. Is b(20) composite?
False
Is (-6)/(-4)*-6*14951/(-9) a prime number?
True
Suppose 580 = 5*l - l. Suppose q - l = -4*q. Let i = 62 - q. Is i a prime number?
False
Let i(v) = v**2 + 9*v - 20. Let r be i(-11). Suppose r*u + 1228 = 6*u. Is u a prime number?
True
Let a = 28 - 25. Suppose h + 0*h = -2*o + 228, a*h + 121 = o. Is o a prime number?
False
Suppose -14856 = -4*h + 2*f, -5*h - 5*f + 13314 = -5271. Is h a composite number?
True
Let u = 10 - 8. Suppose u*a = p + 38 + 23, 150 = 5*a - 5*p. Suppose 3*d = 2*d + a. Is d a prime number?
True
Suppose 4*l = 2*g - 20, -g + 4*l = -2*g - 20. Suppose g = -y - 5, -y = 3*q + y - 53. Is q a composite number?
True
Let j = 41 - -836. Is j composite?
False
Is -59 + 49 + 2*2 + 17332 composite?
True
Let n(w) = -69*w - 311. Is n(-17) prime?
False
Let z = 926 - -785. Is z a composite number?
True
Suppose -4*y + 8 = 0, 6*y = 2*a + y - 4. Let z(n) = 39*n**2 - 19*n + 5. Is z(a) prime?
True
Let c = 227 + -172. Let l(x) = x**3 + 2*x**2 - 3*x + 2. Let g be l(-3). Suppose g*n - 3*n = -c. Is n prime?
False
Let i = -146 - -168. Suppose -23*l = -i*l - 1169. Is l composite?
True
Let z = 3 - 1. Suppose 0*g = -z*g. Suppose g = -5*v + 126 - 21. Is v composite?
True
Let p(h) be the third derivative of -h**6/120 - 23*h**5/60 + 29*h**4/24 + 23*h**3/3 - 16*h**2. Is p(-27) a composite number?
False
Suppose 12 = 4*l - l. Let a be 2*(0/(-3) + 2). Suppose -4*z + 46 = -j + 3*j, l*j + a*z = 72. Is j a prime number?
True
Let g(r) = 4*r + 28. Let j = -12 + -3. Let l be g(j). Let t = 201 - l. Is t a composite number?
False
Let y = 9313 - 2844. Is y prime?
True
Suppose -3*a = 3, -2*g + 4*a + 32399 = 3*a. Is g prime?
False
Let z(t) = -8 + t**3 + 0*t**3 + t + 5*t**2 - 4*t**2 - 2*t. Let n be z(0). Let p(l) = -l**3 - 8*l**2 + 10. Is p(n) composite?
True
Let n be 5*(3 - 6/3). Suppose -3*f + 39 = m, -3*f = -0*m + 3*m - 117. Suppose c + n*j = 11, -5*c + m = -4*c - 2*j. Is c a composite number?
False
Is 2*((-8)/(-20) + (-53191)/(-10)) a composite number?
False
Let t be -1*4/16 + 34/8. Suppose -t*i + 803 = -833. Is i a composite number?
False
Suppose 5*z - 4*u = 42343, -u - 4*u = 5*z - 42325. Is z composite?
False
Let l = 1961 + -1108. Is l a prime number?
True
Suppose -51 = -4*g - 3*h, -3*g + 20 = 2*h - 18. Let c = 6 + g. Suppose 2*l + 0*l = c. Is l composite?
True
Suppose k + 91 = -200. Let t = 494 - k. Is t composite?
True
Let z be (-4)/(8/38) - 0. Let p = -19 - z. Suppose -4*d + 455 - 99 = p. Is d prime?
True
Let d be ((-896)/(-20))/((-2)/(-15)). Suppose q + 23 - d = 0. Suppose -202 = -o + l, q = 2*o + 4*l - 97. Is o a composite number?
True
Let p = -450 - -942. Suppose 9*b + p = 6*b. Is 4*(b/(-16) - -2) a composite number?
True
Suppose 0 = 3*a + 4*x - 5, 2*a - 5*x + 6 + 6 = 0. Let m be (-1)/(a + 3/6). Suppose -m*g + 40 = 2. Is g composite?
False
Let l(b) = 114*b**2 - 3*b + 8. Let j be l(7). Suppose -2*o = 5*u - 2225, -j = -5*o - 4*u + 2*u. Is o a prime number?
False
Let x = 466 + -339. Is x composite?
False
Suppose 12*l - 16679 = -l. Let b = l - 78. Is b a prime number?
False
Is (0 + 68/(-10))*52425/(-90) a prime number?
False
Let j(p) = 600*p**2 + 3*p - 163. Is j(8) a composite number?
False
Let g(i) be the second derivative of 235*i**3/6 + 11*i**2/2 + 24*i. Is g(2) composite?
True
Suppose 7*y + f = 3*y + 102, -3*y + f + 73 = 0. Suppose x + 0*x - 8 = p, 4*x - y = -3*p. Is (5 - x)/(4/(-182)) a prime number?
False
Suppose -3*x + 4708 + 1221 = 2*n, -x + 5939 = 2*n. Suppose -8*o + 4*o + n = 0. Is o/5 + 8/20 a prime number?
True
Suppose 0 = 15*w - 38*w + 804655. Is w a prime number?
False
Let k be -4*(4/8)/(-1). Let n be (-39 + k)/((-1)/4). Is (-3)/(-2)*n/6 prime?
True
Let l(s) be the third derivative of s**7/840 - s**6/360 - s**5/60 - s**4/6 - 3*s**2. Let v(w) be the second derivative of l(w). Is v(4) composite?
True
Suppose -43*r - 108505 = -48*r. Is r prime?
True
Suppose 5*k - o = 2*o - 67, 5*k = -4*o - 74. Let u be 4/k + (-8646)/21. Let w = -285 - u. Is w prime?
True
Suppose 29*m - 25*m - 3*i - 49478 = 0, -3*i + 6 = 0. Is m prime?
False
Let y(q) = -48*q + 5. Let f(v) = 96*v - 11. Let x(u) = -4*f(u) - 9*y(u). Is x(7) composite?
True
Suppose -2*p = -4*p + 4. Suppose -150 = 7*t - 10*t. Is p + t/2 - -4 a prime number?
True
Let x(g) be the third derivative of g**6/45 - g**5/120 + g**4/6 + g**3/3 - 2*g**2. Let q(s) be the first derivative of x(s). Is q(-3) a composite number?
False
Suppose 9*q + 8*q = 1632. Suppose -4*c + 4103 = 3*a, -3*c - 2611 = -2*a + q. Is a a composite number?
False
Suppose -5*u + 52430 = 5*o, -2*o + 10483 = u + 2*o. Is u a composite number?
False
Let m = -12909 + 29873. Suppose 2244 = -4*p + m. Is p/6 - 1/3 composite?
False
Let c(k) = -k**3 - 15*k**2 + 13*k + 7. Let a(u) = -7*u**2 + 6*u + 3. Let t(l) = 5*a(l) - 2*c(l). Let q be ((-2)/(-2))/(2/6). Is t(q) composite?
True
Suppose 15 - 55 = -2*v. Suppose 23*j - v*j = 1137. Is j a prime number?
True
Let x = -33 + 22. Is x*(-9 + 4 + -2) a composite number?
True
Let q(d) = -d**3 + 4*d**2 + 10*d - 8. Let g be q(4). Suppose -g = -5*r + 123. Is r prime?
True
Let i be (3/(-6))/((-4)/2928). Let d = i - -161. Is d prime?
False
Let o(h) = 3*h**2 - 4*h + 5. Let f be (0 - 4/6)*3. Let m(w) = 16*w**2 - 21*w + 25. Let g(k) = f*m(k) + 11*o(k). Is g(-6) a composite number?
False
Let q be -1*2*(-1 - 0). Suppose 7*m - 2*l - 2 = 4*m, -m - q = 2*l. Suppose 5*z - 3*n - 835 = 0, 5*n = 4*z - m*z - 668. Is z a composite number?
False
Let z(i) = -i**3 + 19*i**2 - 29*i - 5. Suppose -8*b + 25 = -71. Is z(b) a composite number?
True
Suppose 0 = -q + 9 - 6. Suppose a = -q*a + 524. Is a composite?
False
Let l = -3892 + 6701. Is l a composite number?
True
Let n(f) = -5*f**2 - 7. Let v be n(7). Is (-1)/(-1 + v/(-254)) a prime number?
True
Let o(n) = -4*n + 211. Is o(0) a composite number?
False
Suppose 4*r - 3761 = -15*x + 14*x, -x + 1879 = 2*r. Is r prime?
True
Let q(x) be the second derivative of x**5/20 - x**4/3 - x**3/6 + 3*x**2/2 + 4*x. Let j be q(4). Is (1 - 65)/j + 3 prime?
True
Let s(c) = -14*c**2 - 24*c + 8. Let y be s(11). Let v = -481 - y. Is v a composite number?
True
Suppose -68567 = -2*w - 3*h, 8*w = 12*w - 3*h - 137179. Is w a composite number?
True
Suppose 0*c + 3*c = 6. Suppose 0 = 2*m + 3*m - s - 1315, -2*s = -c*m + 526. Is m a composite number?
False
Suppose 0*o - 8 = -4*o. Suppose -o*b = 17 - 523. Let m = b - 164. Is m a prime number?
True
Let g = -87 - -1796. Is g a prime number?
True
Is 224/(-728) + 164302/26 a prime number?
False
Suppose 0*u + 940 = 2*u. Suppo